[INFO] cloning repository https://github.com/seankelly/baseball
[INFO] running `Command { std: "git" "-c" "credential.helper=" "-c" "credential.helper=/workspace/cargo-home/bin/git-credential-null" "clone" "--bare" "https://github.com/seankelly/baseball" "/workspace/cache/git-repos/https%3A%2F%2Fgithub.com%2Fseankelly%2Fbaseball", kill_on_drop: false }`
[INFO] [stderr] Cloning into bare repository '/workspace/cache/git-repos/https%3A%2F%2Fgithub.com%2Fseankelly%2Fbaseball'...
[INFO] running `Command { std: "git" "rev-parse" "HEAD", kill_on_drop: false }`
[INFO] [stdout] 181f040497b73e6129c1e3114593c8f7a0ff409e
[INFO] checking seankelly/baseball against try#72f88fc4e9458f89516a0b8b0868f3718aec5b47 for pr-74989
[INFO] running `Command { std: "git" "clone" "/workspace/cache/git-repos/https%3A%2F%2Fgithub.com%2Fseankelly%2Fbaseball" "/workspace/builds/worker-8/source", kill_on_drop: false }`
[INFO] [stderr] Cloning into '/workspace/builds/worker-8/source'...
[INFO] [stderr] done.
[INFO] validating manifest of git repo https://github.com/seankelly/baseball on toolchain 72f88fc4e9458f89516a0b8b0868f3718aec5b47
[INFO] running `Command { std: "/workspace/cargo-home/bin/cargo" "+72f88fc4e9458f89516a0b8b0868f3718aec5b47" "read-manifest" "--manifest-path" "Cargo.toml", kill_on_drop: false }`
[INFO] started tweaking git repo https://github.com/seankelly/baseball
[INFO] removed path dependency retrosheet from git repo https://github.com/seankelly/baseball
[INFO] finished tweaking git repo https://github.com/seankelly/baseball
[INFO] tweaked toml for git repo https://github.com/seankelly/baseball written to /workspace/builds/worker-8/source/Cargo.toml
[INFO] crate git repo https://github.com/seankelly/baseball already has a lockfile, it will not be regenerated
[INFO] running `Command { std: "/workspace/cargo-home/bin/cargo" "+72f88fc4e9458f89516a0b8b0868f3718aec5b47" "fetch" "--locked" "--manifest-path" "Cargo.toml", kill_on_drop: false }`
[INFO] [stderr] warning: dependency (retrosheet) specified without providing a local path, Git repository, or version to use. This will be considered an error in future versions
[INFO] [stderr]     Updating crates.io index
[INFO] [stderr] error: the lock file /workspace/builds/worker-8/source/Cargo.lock needs to be updated but --locked was passed to prevent this
[INFO] [stderr] If you want to try to generate the lock file without accessing the network, use the --offline flag.
[INFO] the lockfile is outdated, regenerating it
[INFO] running `Command { std: "/workspace/cargo-home/bin/cargo" "+72f88fc4e9458f89516a0b8b0868f3718aec5b47" "generate-lockfile" "--manifest-path" "Cargo.toml" "-Zno-index-update", kill_on_drop: false }`
[INFO] running `Command { std: "/workspace/cargo-home/bin/cargo" "+72f88fc4e9458f89516a0b8b0868f3718aec5b47" "fetch" "--locked" "--manifest-path" "Cargo.toml", kill_on_drop: false }`
[INFO] [stderr] warning: dependency (retrosheet) specified without providing a local path, Git repository, or version to use. This will be considered an error in future versions
[INFO] [stderr]  Downloading crates ...
[INFO] [stderr]   Downloaded nom v5.1.2
[INFO] [stderr]   Downloaded retrosheet v0.2.4
[INFO] running `Command { std: "docker" "create" "-v" "/var/lib/crater-agent-workspace/builds/worker-8/target:/opt/rustwide/target:rw,Z" "-v" "/var/lib/crater-agent-workspace/builds/worker-8/source:/opt/rustwide/workdir:ro,Z" "-v" "/var/lib/crater-agent-workspace/cargo-home:/opt/rustwide/cargo-home:ro,Z" "-v" "/var/lib/crater-agent-workspace/rustup-home:/opt/rustwide/rustup-home:ro,Z" "-e" "SOURCE_DIR=/opt/rustwide/workdir" "-e" "CARGO_TARGET_DIR=/opt/rustwide/target" "-e" "CARGO_HOME=/opt/rustwide/cargo-home" "-e" "RUSTUP_HOME=/opt/rustwide/rustup-home" "-w" "/opt/rustwide/workdir" "-m" "1610612736" "--user" "0:0" "--network" "none" "rustops/crates-build-env@sha256:d92eaeed33fa75130ca1ee6c8a01d1ffb62bac859dfdfb3450e3e5d1c0146529" "/opt/rustwide/cargo-home/bin/cargo" "+72f88fc4e9458f89516a0b8b0868f3718aec5b47" "metadata" "--no-deps" "--format-version=1", kill_on_drop: false }`
[INFO] [stderr] WARNING: Your kernel does not support swap limit capabilities or the cgroup is not mounted. Memory limited without swap.
[INFO] [stdout] 4f45bce29b0e08e5762173264547a18f43e41847cda2bf10cf701e77768f40fa
[INFO] running `Command { std: "docker" "start" "-a" "4f45bce29b0e08e5762173264547a18f43e41847cda2bf10cf701e77768f40fa", kill_on_drop: false }`
[INFO] running `Command { std: "docker" "inspect" "4f45bce29b0e08e5762173264547a18f43e41847cda2bf10cf701e77768f40fa", kill_on_drop: false }`
[INFO] running `Command { std: "docker" "rm" "-f" "4f45bce29b0e08e5762173264547a18f43e41847cda2bf10cf701e77768f40fa", kill_on_drop: false }`
[INFO] [stdout] 4f45bce29b0e08e5762173264547a18f43e41847cda2bf10cf701e77768f40fa
[INFO] running `Command { std: "docker" "create" "-v" "/var/lib/crater-agent-workspace/builds/worker-8/target:/opt/rustwide/target:rw,Z" "-v" "/var/lib/crater-agent-workspace/builds/worker-8/source:/opt/rustwide/workdir:ro,Z" "-v" "/var/lib/crater-agent-workspace/cargo-home:/opt/rustwide/cargo-home:ro,Z" "-v" "/var/lib/crater-agent-workspace/rustup-home:/opt/rustwide/rustup-home:ro,Z" "-e" "SOURCE_DIR=/opt/rustwide/workdir" "-e" "CARGO_TARGET_DIR=/opt/rustwide/target" "-e" "CARGO_INCREMENTAL=0" "-e" "RUST_BACKTRACE=full" "-e" "RUSTFLAGS=--cap-lints=forbid" "-e" "CARGO_HOME=/opt/rustwide/cargo-home" "-e" "RUSTUP_HOME=/opt/rustwide/rustup-home" "-w" "/opt/rustwide/workdir" "-m" "1610612736" "--user" "0:0" "--network" "none" "rustops/crates-build-env@sha256:d92eaeed33fa75130ca1ee6c8a01d1ffb62bac859dfdfb3450e3e5d1c0146529" "/opt/rustwide/cargo-home/bin/cargo" "+72f88fc4e9458f89516a0b8b0868f3718aec5b47" "check" "--frozen" "--all" "--all-targets" "--message-format=json", kill_on_drop: false }`
[INFO] [stdout] 091afc5fe5e87e430a4cd0a60ae3f86c4cd91a830be4735c532619508aeca14f
[INFO] [stderr] WARNING: Your kernel does not support swap limit capabilities or the cgroup is not mounted. Memory limited without swap.
[INFO] running `Command { std: "docker" "start" "-a" "091afc5fe5e87e430a4cd0a60ae3f86c4cd91a830be4735c532619508aeca14f", kill_on_drop: false }`
[INFO] [stderr] warning: dependency (retrosheet) specified without providing a local path, Git repository, or version to use. This will be considered an error in future versions
[INFO] [stderr]    Compiling memchr v2.3.3
[INFO] [stderr]    Compiling bitflags v1.2.1
[INFO] [stderr]    Compiling ryu v1.0.5
[INFO] [stderr]    Compiling version_check v0.9.2
[INFO] [stderr]    Compiling lexical-core v0.7.4
[INFO] [stderr]     Checking static_assertions v1.1.0
[INFO] [stderr]     Checking arrayvec v0.5.1
[INFO] [stderr]     Checking vec_map v0.8.2
[INFO] [stderr]     Checking textwrap v0.9.0
[INFO] [stderr]    Compiling proc-macro2 v1.0.21
[INFO] [stderr]    Compiling proc-macro2 v0.4.30
[INFO] [stderr]     Checking regex-automata v0.1.9
[INFO] [stderr]    Compiling nom v5.1.2
[INFO] [stderr]     Checking clap v2.31.2
[INFO] [stderr]    Compiling quote v0.6.13
[INFO] [stderr]    Compiling quote v1.0.7
[INFO] [stderr]    Compiling syn v0.15.44
[INFO] [stderr]     Checking bstr v0.2.13
[INFO] [stderr]     Checking csv-core v0.1.10
[INFO] [stderr]    Compiling syn v1.0.41
[INFO] [stderr]     Checking csv v1.1.3
[INFO] [stderr]    Compiling structopt-derive v0.2.18
[INFO] [stderr]    Compiling serde_derive v1.0.116
[INFO] [stderr]     Checking retrosheet v0.2.4
[INFO] [stderr]     Checking structopt v0.2.18
[INFO] [stderr]     Checking baseball v0.1.0 (/opt/rustwide/workdir)
[INFO] [stdout] warning: unused `#[macro_use]` import
[INFO] [stdout]  --> src/lib.rs:1:1
[INFO] [stdout]   |
[INFO] [stdout] 1 | #[macro_use]
[INFO] [stdout]   | ^^^^^^^^^^^^
[INFO] [stdout]   |
[INFO] [stdout]   = note: `#[warn(unused_imports)]` on by default
[INFO] [stdout] 
[INFO] [stdout] 
[INFO] [stdout] warning: unused `#[macro_use]` import
[INFO] [stdout]  --> src/lib.rs:1:1
[INFO] [stdout]   |
[INFO] [stdout] 1 | #[macro_use]
[INFO] [stdout]   | ^^^^^^^^^^^^
[INFO] [stdout]   |
[INFO] [stdout]   = note: `#[warn(unused_imports)]` on by default
[INFO] [stdout] 
[INFO] [stdout] 
[INFO] [stdout] warning: 1 warning emitted
[INFO] [stdout] 
[INFO] [stdout] 
[INFO] [stdout] warning: 1 warning emitted
[INFO] [stdout] 
[INFO] [stdout] 
[INFO] [stdout] error[E0432]: unresolved import `retrosheet::chadwick`
[INFO] [stdout]   --> src/bin/futility.rs:11:5
[INFO] [stdout]    |
[INFO] [stdout] 11 | use retrosheet::chadwick;
[INFO] [stdout]    |     ^^^^^^^^^^^^^^^^^^^^ no `chadwick` in the root
[INFO] [stdout] 
[INFO] [stdout] 
[INFO] [stdout] error: aborting due to previous error
[INFO] [stdout] 
[INFO] [stdout] 
[INFO] [stdout] For more information about this error, try `rustc --explain E0432`.
[INFO] [stdout] 
[INFO] [stderr] error: could not compile `baseball`.
[INFO] [stderr] 
[INFO] [stderr] To learn more, run the command again with --verbose.
[INFO] [stderr] warning: build failed, waiting for other jobs to finish...
[INFO] [stdout] error[E0432]: unresolved import `retrosheet::chadwick`
[INFO] [stdout]   --> src/bin/streak.rs:12:5
[INFO] [stdout]    |
[INFO] [stdout] 12 | use retrosheet::chadwick;
[INFO] [stdout]    |     ^^^^^^^^^^^^^^^^^^^^ no `chadwick` in the root
[INFO] [stdout] 
[INFO] [stdout] 
[INFO] [stdout] error[E0432]: unresolved import `retrosheet::chadwick`
[INFO] [stdout]   --> src/bin/futility.rs:11:5
[INFO] [stdout]    |
[INFO] [stdout] 11 | use retrosheet::chadwick;
[INFO] [stdout]    |     ^^^^^^^^^^^^^^^^^^^^ no `chadwick` in the root
[INFO] [stdout] 
[INFO] [stdout] 
[INFO] [stdout] error[E0432]: unresolved import `retrosheet::transactions`
[INFO] [stdout]  --> src/bin/trade-trees.rs:6:17
[INFO] [stdout]   |
[INFO] [stdout] 6 | use retrosheet::transactions::Transaction;
[INFO] [stdout]   |                 ^^^^^^^^^^^^ could not find `transactions` in `retrosheet`
[INFO] [stdout] 
[INFO] [stdout] 
[INFO] [stdout] error: aborting due to previous error
[INFO] [stdout] 
[INFO] [stdout] 
[INFO] [stdout] For more information about this error, try `rustc --explain E0432`.
[INFO] [stdout] 
[INFO] [stdout] error[E0432]: unresolved import `retrosheet::transactions`
[INFO] [stdout]  --> src/bin/trade-trees.rs:6:17
[INFO] [stdout]   |
[INFO] [stdout] 6 | use retrosheet::transactions::Transaction;
[INFO] [stdout]   |                 ^^^^^^^^^^^^ could not find `transactions` in `retrosheet`
[INFO] [stdout] 
[INFO] [stdout] 
[INFO] [stdout] error[E0432]: unresolved import `retrosheet::chadwick`
[INFO] [stdout]   --> src/bin/streak.rs:12:5
[INFO] [stdout]    |
[INFO] [stdout] 12 | use retrosheet::chadwick;
[INFO] [stdout]    |     ^^^^^^^^^^^^^^^^^^^^ no `chadwick` in the root
[INFO] [stdout] 
[INFO] [stdout] 
[INFO] [stdout] error: aborting due to previous error
[INFO] [stdout] 
[INFO] [stdout] 
[INFO] [stdout] For more information about this error, try `rustc --explain E0432`.
[INFO] [stdout] 
[INFO] [stdout] error: aborting due to previous error
[INFO] [stdout] 
[INFO] [stdout] 
[INFO] [stdout] For more information about this error, try `rustc --explain E0432`.
[INFO] [stdout] 
[INFO] [stdout] error[E0609]: no field `team_game_number` on type `&_`
[INFO] [stdout]   --> src/bin/streak.rs:78:28
[INFO] [stdout]    |
[INFO] [stdout] 78 |             let a_game = a.team_game_number;
[INFO] [stdout]    |                            ^^^^^^^^^^^^^^^^
[INFO] [stdout] 
[INFO] [stdout] 
[INFO] [stdout] warning: unused import: `std::clone::Clone`
[INFO] [stdout]  --> src/bin/streak.rs:6:5
[INFO] [stdout]   |
[INFO] [stdout] 6 | use std::clone::Clone;
[INFO] [stdout]   |     ^^^^^^^^^^^^^^^^^
[INFO] [stdout]   |
[INFO] [stdout]   = note: `#[warn(unused_imports)]` on by default
[INFO] [stdout] 
[INFO] [stdout] 
[INFO] [stdout] error: aborting due to 2 previous errors; 1 warning emitted
[INFO] [stdout] 
[INFO] [stdout] 
[INFO] [stdout] Some errors have detailed explanations: E0432, E0609.
[INFO] [stdout] 
[INFO] [stdout] For more information about an error, try `rustc --explain E0432`.
[INFO] [stdout] 
[INFO] [stdout] error[E0609]: no field `team_game_number` on type `&_`
[INFO] [stdout]   --> src/bin/streak.rs:78:28
[INFO] [stdout]    |
[INFO] [stdout] 78 |             let a_game = a.team_game_number;
[INFO] [stdout]    |                            ^^^^^^^^^^^^^^^^
[INFO] [stdout] 
[INFO] [stdout] 
[INFO] [stdout] warning: unused import: `std::clone::Clone`
[INFO] [stdout]  --> src/bin/streak.rs:6:5
[INFO] [stdout]   |
[INFO] [stdout] 6 | use std::clone::Clone;
[INFO] [stdout]   |     ^^^^^^^^^^^^^^^^^
[INFO] [stdout]   |
[INFO] [stdout]   = note: `#[warn(unused_imports)]` on by default
[INFO] [stdout] 
[INFO] [stdout] 
[INFO] [stdout] error: aborting due to 2 previous errors; 1 warning emitted
[INFO] [stdout] 
[INFO] [stdout] 
[INFO] [stdout] Some errors have detailed explanations: E0432, E0609.
[INFO] [stdout] 
[INFO] [stdout] For more information about an error, try `rustc --explain E0432`.
[INFO] [stdout] 
[INFO] [stderr] error: build failed
[INFO] running `Command { std: "docker" "inspect" "091afc5fe5e87e430a4cd0a60ae3f86c4cd91a830be4735c532619508aeca14f", kill_on_drop: false }`
[INFO] running `Command { std: "docker" "rm" "-f" "091afc5fe5e87e430a4cd0a60ae3f86c4cd91a830be4735c532619508aeca14f", kill_on_drop: false }`
[INFO] [stdout] 091afc5fe5e87e430a4cd0a60ae3f86c4cd91a830be4735c532619508aeca14f
